8 = j*x - 244. What is the tens digit of x?
2
Suppose -1 + 5 = 4*x, x - 2017 = -3*s. What is the units digit of s?
2
Let o(a) = -28*a - 13. Let k be o(5). Let w = k - -255. What is the units digit of w?
2
Suppose 86*c - 112429 = 171371. What is the hundreds digit of c?
3
Suppose -4*v - 6 = -2. Let p be (-82)/(-7) - (-6)/21. What is the units digit of p/3 - (2 - v)?
1
Suppose w = 4*b - 19343, -33*b = -32*b - 5*w - 4812. What is the hundreds digit of b?
8
Let l(r) = 2*r**2 + 5*r - 5. Let y be l(-4). What is the units digit of ((-10)/(-6))/(y/231)?
5
Let w(k) = 4*k - 4. Let f be w(2). Suppose -v + 2*n = -64, -154 = -f*v + n + 116. What is the units digit of v?
8
Let h(t) = 9*t + 5. Let m be h(2). Suppose 2*u + 2*y = 12, 2*u + 0*y - 12 = 3*y. Let v = m - u. What is the tens digit of v?
1
Suppose 2*z = 3*z - 8. Let p = z + 6. What is the tens digit of p?
1
Suppose -259 - 266 = -4*d - 5*p, -d = -3*p - 110. What is the units digit of d?
5
Suppose -2*y + 14 = 2*k, -2*y = 4*k - 7*y - 1. Suppose -8 = -k*s + 8. Let r(f) = -f**3 + 5*f**2 - f + 5. What is the tens digit of r(s)?
1
Let g(i) = -i - 10. Suppose -4*v + p + 37 = 2*p, -2*v - 3*p + 31 = 0. Let c be g(v). Let t = c - -36. What is the units digit of t?
8
Let h = -144 - -332. What is the units digit of h?
8
Suppose -458*k + 8701 = -451*k. What is the units digit of k?
3
Let z(v) = 30*v + 90. What is the units digit of z(3)?
0
Let o be (-942)/(-16) - 6/(-48). Suppose 4*g = -3*f + 386, 3*f - o - 317 = g. What is the units digit of f?
6
Let s be 2*(-3)/12*6. Let c(b) = -b. Let w be c(s). Suppose -w*g + 44 = -16. What is the units digit of g?
0
Suppose -104*j = -102*j - 1518. What is the tens digit of j?
5
Let w(t) = t + 17. Let f(p) be the third derivative of -p**6/120 - p**5/12 + p**4/24 + p**3 + 7*p**2. Let n be f(-4). What is the units digit of w(n)?
3
Suppose -174*v + 173*v = -132. What is the hundreds digit of v?
1
Suppose v - 2 = 18. Suppose -2*a - o = 2*o + 8, -a - 9 = 4*o. Let n = v - a. What is the tens digit of n?
2
Suppose -5*p + 1062 = 4*a, 5*p = 4*a + 266 - 1348. Let u = -94 + a. What is the units digit of u?
4
What is the tens digit of (465/(-45))/((-1)/3)?
3
Suppose -42*z + 8024 = -19948. What is the tens digit of z?
6
Suppose 0 = f - 2*m - 759, -5*m = 5*f - 1129 - 2621. What is the hundreds digit of f?
7
Let v = -2122 - -3382. What is the units digit of v?
0
Let u = -1765 - -2691. What is the hundreds digit of u?
9
Suppose 0 = 2*q - 8, -q - 164 = -5*x + 3*q. Let l = x + -31. Suppose 3*u + 2*r - 152 = -3*r, -l*r = -u + 24. What is the units digit of u?
4
Let l(b) = b**2 - 9*b + 22. Let a be (-1)/3 - (-336)/36. What is the tens digit of l(a)?
2
Let k(j) = -4*j - 9. Let q be k(-6). Let n be 5*(36/q - 2). What is the tens digit of (123/6)/(1/n)?
4
Suppose -2*z = 6 + 4. Let g be z/(-1*3/3). Suppose 34 + 17 = 3*a - g*s, -5*s + 33 = 4*a. What is the tens digit of a?
1
What is the hundreds digit of ((-8)/6)/(-2) + 843854/726?
1
Let s = 108 - 122. Let l(h) = -h**3 - 15*h**2 - 14*h + 17. What is the units digit of l(s)?
7
Suppose 4*i + 0*i = -168. Let b = i - -112. What is the units digit of b?
0
Suppose -5*y + 4*j + 6245 = 0, -3*y + 3*j + 2029 + 1715 = 0. What is the thousands digit of y?
1
Suppose 0 = -3*l + 5 + 7. Suppose -l*t + 31 + 5 = 0. What is the units digit of t?
9
Let y be (-5 - -7)*(-226)/(-4). Suppose 37 + y = 4*j + 2*f, 3*f = j - 20. Suppose 10 = -m + j. What is the tens digit of m?
2
What is the tens digit of (14 + (-624)/36)/((-2)/1563)?
0
Let z(k) = -82*k - 136. What is the hundreds digit of z(-6)?
3
Let x(w) = w**3 - 8*w**2 + 4*w + 23. What is the tens digit of x(8)?
5
What is the tens digit of (-9)/((-9)/8) + 1701?
0
Let h = -99 - -103. Let b = 25 - h. What is the tens digit of b?
2
Let g be ((-6)/(-4))/((-18)/(-132)). Suppose -g*r = -6*r - 55. What is the tens digit of r?
1
Let k(p) = -119*p**3 - 2*p. Let r(h) = -h - 9. Let c be r(-8). What is the units digit of k(c)?
1
Let x(w) = 31*w - 19*w + 24 - 14*w. What is the units digit of x(6)?
2
Suppose -11*h + 4340 = 17*h. What is the hundreds digit of h?
1
Suppose 2*h = o + 4*h - 75, 5*o + 3*h = 354. Suppose -o = 4*i - i. Let b = 25 + i. What is the units digit of b?
2
Suppose 5827 = 5*k + 4*x - 14591, 0 = -3*k + 5*x + 12236. What is the thousands digit of k?
4
Suppose 0 = 2*d + 3*d - 20. Suppose -7 = -p - 3*b, p - 5*b = -d*p + 15. Suppose -50 + 7 = -3*f + p*y, -3*y = -f + 21. What is the units digit of f?
9
Suppose -5*x = 4*a - 974, -25*a + 2*x = -21*a - 960. What is the tens digit of a?
4
Suppose 23*z = 27*z - 40. Suppose -1555 = -z*h - 245. What is the units digit of h?
1
Let y be 2745/(30/6) - 5. What is the hundreds digit of y/(-51)*((-34)/2 + 2)?
1
Let x(g) = 26*g**2 - g + 1. Let a be x(2). Let t = 190 - a. What is the tens digit of t?
8
Let x(l) = 16*l + 17. Let o be x(-4). Let b = 65 - o. What is the units digit of b?
2
Let f(a) = 3*a - 14. Let m be f(6). Let t(c) = 20*c**2 + 35*c - 51*c + m - 11 - c**3. What is the tens digit of t(19)?
5
Suppose -4*h + 8 = -12. Let c be (-1)/(3/(-10))*12/10. Suppose 0 = -z + c*u - 11, -13 = -h*z - 5*u + 7. What is the units digit of z?
1
Let b = 7765 - 1887. What is the tens digit of b?
7
Let r(i) = 6*i - 6 + 6 + 6 + 2*i. Suppose 2*y = -0*y + 10. What is the units digit of r(y)?
6
Suppose 0 = 7*q - 593 - 6134. What is the hundreds digit of q?
9
Let q = 852 + -457. What is the tens digit of q?
9
Let u = -48 - -41. Let h(s) = 2*s**2 + 11*s - 1. What is the units digit of h(u)?
0
Let s = 8 - 10. Let u be 16/24*(-45)/s. Suppose -2*t - 6*d + d = -10, -u = -3*t - 2*d. What is the units digit of t?
5
Suppose 9*q - 2 = -236. Let p = q - -41. What is the units digit of p?
5
Let z(w) = 2*w**3 + 8*w**2 - 6*w + 1. Let a(c) = 3*c**3 + 7*c**2 - 5*c + 2. Let m(f) = 3*a(f) - 4*z(f). What is the units digit of m(11)?
1
Suppose -9534 - 18006 = -20*l. What is the units digit of l?
7
Let t(g) = -g**2 - 36*g + 4. What is the tens digit of t(-19)?
2
Let y be (-20)/(-160) - (-126)/16. Suppose 0 = y*k - 68 + 12. What is the units digit of k?
7
Let b(w) = -51*w - 318. What is the hundreds digit of b(-17)?
5
Let x = 2963 - 2528. What is the units digit of x?
5
Let t be (-12)/3 - (0 - 2). Let q be (-56)/(-12) + t/(-6). Suppose q*i - 28 = i. What is the units digit of i?
7
Let g(w) = w**3 - 10*w**2 - 3*w + 14. What is the tens digit of g(11)?
0
Suppose 28*n - 158345 = -34249. What is the thousands digit of n?
4
Suppose u - 1 = -2*w, -6*u + 26 = 2*w - 10*u. Suppose w*q - 1048 = -5*q. What is the tens digit of q?
3
What is the units digit of ((-184)/(-4))/((-11)/(-22))?
2
Let c be -2 + (-1 - 3) + 6. Suppose -2*z = -4*m - 172, -302 = -3*z - c*z - 5*m. What is the tens digit of z?
9
Suppose 3*k = 2*w - 705, 8*w + 3*k = 11*w - 1059. What is the hundreds digit of w?
3
Let l = 20 - 30. What is the units digit of 6/l - (-665)/25?
6
Let t = 8 - 3. Suppose 0 = 3*p + t - 362. What is the units digit of p?
9
Let n = 403 - 272. Suppose 4*r + 15 = o - n, 4*r = 4. What is the hundreds digit of o?
1
Suppose 16*v + 3*v - 6251 = 0. What is the units digit of v?
9
Let g = 220 + 120. What is the units digit of g?
0
Let o = 1021 + -760. What is the tens digit of o?
6
Suppose 6*x = 5*x. Suppose 6*t - 5*t - 19 = x. What is the units digit of t?
9
Let w(r) = 28*r + 4. Let s(f) = f. Let v(g) = -24*s(g) + w(g). Let h(x) = x. Let t(n) = -5*h(n) + v(n). What is the units digit of t(2)?
2
Suppose 3*h - 853 = 2*l, 2*l = -6*h - 334 + 2028. What is the hundreds digit of h?
2
Suppose -5*w + 6*q = q - 2990, 5*w - 2994 = q. What is the hundreds digit of w?
5
Suppose 4*b = 2*b + 4, -3*y + 4*b + 832 = 0. What is the tens digit of y?
8
Suppose 5*g = y + 90, -42 = -4*g - 2*y + 44. What is the units digit of g?
9
Let i(p) = 5*p + 1 + 5*p - 3 + 2*p. What is the hundreds digit of i(9)?
1
Suppose 92*d - 96*d + 8 = 0. Suppose 5*h + 3*c = 896, -5*c = -h - d*c + 190. What is the units digit of h?
1
What is the tens digit of 10*-1 - (150 + -1654)?
9
Suppose 0 = 23*i - 14*i - 13329. What is the hundreds digit of i?
4
Let w be 135/(-10)*(-1 + -5). Suppose 5*m = 8*m - w. What is the units digit of m?
7
Let v(g) be the second derivative of g**5/20 + g**4 + g**3 - 6*g**2 + 7*g. What is the tens digit of v(-10)?
2
Let t be 4/18 + 20/(-9). Let d be (-10)/(t*(-3)/(